hen 824612 is divided by 319?
316
Calculate the remainder when 3879 is divided by 995.
894
What is the remainder when 809 is divided by 269?
2
What is the remainder when 19967 is divided by 253?
233
What is the remainder when 5862 is divided by 1954?
0
What is the remainder when 99567 is divided by 254?
253
Calculate the remainder when 70655 is divided by 23537.
44
What is the remainder when 3705 is divided by 167?
31
What is the remainder when 6973 is divided by 37?
17
Calculate the remainder when 58430 is divided by 24.
14
Calculate the remainder when 1332 is divided by 236.
152
Calculate the remainder when 5519 is divided by 116.
67
What is the remainder when 109679 is divided by 63?
59
Calculate the remainder when 168332 is divided by 168.
164
What is the remainder when 3149 is divided by 2789?
360
Calculate the remainder when 295149 is divided by 156.
153
What is the remainder when 4048 is divided by 3996?
52
What is the remainder when 49804 is divided by 44?
40
Calculate the remainder when 1692 is divided by 54.
18
What is the remainder when 613887 is divided by 128?
127
Calculate the remainder when 1097788 is divided by 10.
8
Calculate the remainder when 173854 is divided by 24.
22
What is the remainder when 77022 is divided by 332?
330
Calculate the remainder when 26522 is divided by 50.
22
What is the remainder when 3887 is divided by 118?
111
What is the remainder when 137386 is divided by 5724?
10
What is the remainder when 124594 is divided by 9?
7
What is the remainder when 448 is divided by 71?
22
Calculate the remainder when 131681 is divided by 326.
303
What is the remainder when 2163 is divided by 586?
405
Calculate the remainder when 13805 is divided by 2291.
59
What is the remainder when 2219 is divided by 1415?
804
Calculate the remainder when 5879 is divided by 53.
49
What is the remainder when 39837 is divided by 240?
237
What is the remainder when 177582 is divided by 88?
86
What is the remainder when 11286 is divided by 16?
6
What is the remainder when 2293762 is divided by 33?
31
Calculate the remainder when 1309 is divided by 626.
57
Calculate the remainder when 471 is divided by 108.
39
What is the remainder when 85413 is divided by 6?
3
What is the remainder when 532644 is divided by 262?
260
Calculate the remainder when 15884 is divided by 3084.
464
What is the remainder when 15961 is divided by 3189?
16
Calculate the remainder when 9358 is divided by 7.
6
Calculate the remainder when 34847 is divided by 41.
38
What is the remainder when 38437 is divided by 44?
25
Calculate the remainder when 5060086 is divided by 396.
394
What is the remainder when 2190140 is divided by 976?
972
What is the remainder when 553239 is divided by 436?
391
Calculate the remainder when 4974579 is divided by 212.
211
Calculate the remainder when 19670 is divided by 41.
31
Calculate the remainder when 185410 is divided by 22.
16
Calculate the remainder when 783079 is divided by 897.
895
Calculate the remainder when 53589 is divided by 17861.
6
Calculate the remainder when 351979 is divided by 777.
775
Calculate the remainder when 11054 is divided by 59.
21
Calculate the remainder when 434 is divided by 370.
64
Calculate the remainder when 69428 is divided by 24.
20
What is the remainder when 1860 is divided by 191?
141
What is the remainder when 10413 is divided by 965?
763
Calculate the remainder when 5208 is divided by 22.
16
What is the remainder when 76905 is divided by 10986?
3
Calculate the remainder when 24265 is divided by 149.
127
What is the remainder when 330342 is divided by 136?
134
Calculate the remainder when 9572596 is divided by 119.
117
What is the remainder when 36495 is divided by 474?
471
Calculate the remainder when 1703 is divided by 385.
163
Calculate the remainder when 3194 is divided by 100.
94
What is the remainder when 14987 is divided by 235?
182
What is the remainder when 13906 is divided by 183?
181
Calculate the remainder when 2323 is divided by 208.
35
Calculate the remainder when 293493 is divided by 73366.
29
Calculate the remainder when 363397 is divided by 234.
229
What is the remainder when 903 is divided by 271?
90
What is the remainder when 2477 is divided by 417?
392
What is the remainder when 361 is divided by 68?
21
What is the remainder when 336922 is divided by 126?
124
Calculate the remainder when 77708 is divided by 77695.
13
What is the remainder when 2985 is divided by 1903?
1082
Calculate the remainder when 2600 is divided by 126.
80
Calculate the remainder when 6239 is divided by 160.
159
What is the remainder when 202505 is divided by 22497?
32
Calculate the remainder when 575858 is divided by 14.
10
What is the remainder when 4704 is divided by 2812?
1892
What is the remainder when 300042 is divided by 150013?
16
What is the remainder when 1079 is divided by 84?
71
Calculate the remainder when 21185 is divided by 198.
197
Calculate the remainder when 108 is divided by 70.
38
Calculate the remainder when 1309 is divided by 60.
49
What is the remainder when 1730423 is divided by 54?
47
What is the remainder when 35357 is divided by 340?
337
What is the remainder when 69929 is divided by 73?
68
Calculate the remainder when 147113 is divided by 32.
9
Calculate the remainder when 2229 is divided by 728.
45
What is the remainder when 4508 is divided by 204?
20
Calculate the remainder when 69425 is divided by 64.
49
What is the remainder when 4675 is divided by 1553?
16
What is the remainder when 1333 is divided by 62?
31
Calculate the remainder when 85918 is divided by 10739.
6
Calculate the remainder when 12388 is divided by 153.
148
Calculate the remainder when 59539 is divided by 14.
11
Calculate the remainder when 5222 is divided by 1039.
27
Calculate the remainder when 9788 is divided by 1927.
153
What is the remainder when 1031 is divided by 84?
23
Calculate the remainder when 14596 is divided by 7292.
12
Calculate the remainder when 31381 is divided by 533.
467
What is the remainder when 11344 is divided by 5600?
144
What is the remainder when 386 is divided by 221?
165
What is the remainder when 135773 is divided by 679?
652
Calculate the remainder when 125817 is divided by 62903.
11
Calculate the remainder when 172769 is divided by 19196.
5
What is the remainder when 1640 is divided by 180?
20
Calculate the remainder when 10528 is divided by 41.
32
Calculate the remainder when 4786 is divided by 12.
10
What is the remainder when 72026 is divided by 414?
404
What is the remainder when 1324 is divided by 103?
88
What is the remainder when 97273 is divided by 32423?
4
Calculate the remainder when 23409 is divided by 137.
119
Calculate the remainder when 1401802 is divided by 26.
12
What is the remainder when 6291 is divided by 17?
1
Calculate the remainder when 2380 is divided by 764.
88
What is the remainder when 43414 is divided by 3098?
42
Calculate the remainder when 8599 is divided by 3404.
1791
What is the remainder when 315550 is divided by 38?
36
What is the remainder when 10362 is divided by 941?
11
Calculate the remainder when 1099 is divided by 909.
190
Calculate the remainder when 115851 is divided by 493.
489
What is the remainder when 78861 is divided by 27?
21
What is the remainder when 167542 is divided by 109?
9
What is the remainder when 658 is divided by 183?
109
Calculate the remainder when 9508 is divided by 615.
283
Calculate the remainder when 2538 is divided by 835.
33
What is the remainder when 6835 is divided by 72?
67
What is the remainder when 193 is divided by 140?
53
What is the remainder when 13875 is divided by 264?
147
Calculate the remainder when 19100 is divided by 6.
2
Calculate the remainder when 81277 is divided by 175.
77
What is the remainder when 923996 is divided by 307995?
11
What is the remainder when 6220 is divided by 215?
200
Calculate the remainder when 23273 is divided by 16.
9
Calculate the remainder when 9255 is divided by 45.
30
Calculate the remainder when 3613 is divided by 31.
17
What is the remainder when 18079 is divided by 123?
121
Calculate the remainder when 56519 is divided by 24.
23
Calculate the remainder when 268652 is divided by 58.
54
Calculate the remainder when 104745 is divided by 29.
26
Calculate the remainder wh